64. What are the prime factors of r?
2, 11
Let d(i) = 21*i**2 + 3*i - 3. What are the prime factors of d(2)?
3, 29
Let p(t) be the third derivative of t**6/120 + t**4/8 - t**3/2 - 3*t**2. List the prime factors of p(2).
11
Let x be (-4)/(-8) - 3/(-2). Let p = 4 + -2. Let h = x + p. List the prime factors of h.
2
Let k(g) = 8*g - 2 + 4 + g**2 + 0*g**2. Let c be k(-8). Suppose -y + 2*y = -1, -v = 2*y - c. List the prime factors of v.
2
List the prime factors of (-1)/(-5) - (-1197)/15.
2, 5
Suppose 5*a = -4*f + 232 + 132, -4*a = -3*f + 273. List the prime factors of f.
7, 13
Suppose 0 = -3*v - 5*z - 3, -5*z - 9 - 2 = v. Suppose -v*r + 5 = -7. List the prime factors of r.
3
Let b = 6 + -4. Suppose -4*v + 8 = -b*s, 4*v + 1 = 3*s + 3. What are the prime factors of s?
2, 3
Let s = 72 + -41. What are the prime factors of s?
31
Let a(u) = u**3 + u**2 - u. Let w be a(0). Suppose 57 = -w*x + 3*x. What are the prime factors of x?
19
Let l(i) = 47*i**2 - i. Let h be l(-1). List the prime factors of 6*3/9 + h.
2, 5
Suppose -b + 2*j = -8 - 11, 4*b - 46 = 2*j. Let k(g) = -g**3 - 6*g**2 + 2. Let x be k(-6). Suppose 3*f + b = -f + 5*a, x*f - 3 = a. List the prime factors of f.
2
Let c be 3/(-5) - 54/(-15). Suppose 4*a - 102 = -c*q + 2*a, 4*a = -q + 44. What are the prime factors of q?
2
Let x(b) = b**2 - 1. Let z be x(0). Let q = 12 - z. What are the prime factors of q?
13
Suppose -4*h + 56 = 4*o, -h = 4*h - 3*o - 38. List the prime factors of (-2)/5 + 114/h.
11
Let p(n) = n**3 + 12*n**2 + 10*n - 8. Let z be p(-11). Suppose 0 = z*g - 0*g - 33. List the prime factors of g.
11
Let f = -6 - -1. What are the prime factors of f/15 - 64/(-3)?
3, 7
Let a(y) = 4*y - 1. Let u be 4/(-2) - (4 + -10). What are the prime factors of a(u)?
3, 5
Suppose -5*s + 285 = 5*a, 4*a + 70 = 2*s - 56. Suppose -4*z = -9 - s. List the prime factors of z.
17
Let y(c) = c**2 + 7. Let b(p) = -2*p**2 - 11. Let j(f) = -5*b(f) - 8*y(f). Let n(q) = q - 6. Let z be n(4). List the prime factors of j(z).
7
Suppose 2*q - 22 = k + 20, 0 = -4*q + k + 88. Let b = q + -15. What are the prime factors of b?
2
Let z = 85 - 46. List the prime factors of z.
3, 13
Suppose -5 = -2*d + d, -4*d = -4*f - 36. Let b(t) = -8*t + 9. What are the prime factors of b(f)?
41
Let u(c) = c**3 + 3*c**2 + c. Let r be u(-4). List the prime factors of r/((-3)/(-3) + -2).
2, 5
Let d = -70 - -46. What are the prime factors of ((-24)/18)/(2/d)?
2
Let v(p) = -p**3 + 15*p**2 + 4*p + 8. What are the prime factors of v(15)?
2, 17
Suppose 0 = 3*x - 5*p - 73 - 399, 2*x = -4*p + 344. What are the prime factors of x?
2, 41
Let k(w) = -w**3 - 9*w**2 - 9*w + 2. Let o = -5 + -3. List the prime factors of k(o).
2, 5
Let b(n) = -n**3 + 6*n**2 + 9*n + 8. Let m be b(7). Suppose c - 5*g - m - 3 = 0, c - 34 = -4*g. List the prime factors of c.
2, 3, 5
Suppose o - 1 = -4. Let t = o + 7. Suppose -t*h - 4*c + 33 = -23, 4*h - 3*c = 70. List the prime factors of h.
2
Suppose -82*x + 968 = -78*x. What are the prime factors of x?
2, 11
Let o(l) = 100*l**3 - 25*l**2 + 25*l. Let s(w) = -25*w**3 + 6*w**2 - 6*w. Let q(x) = -6*o(x) - 25*s(x). What are the prime factors of q(1)?
5
Suppose 0*r + 35 = 2*h - 3*r, -80 = -3*h - r. What are the prime factors of h?
5
Let o be 1 + -2 - (-5 + 2). Suppose 0 = -6*n + o*n + 32. List the prime factors of n.
2
Let a(t) = -t**3 - 5*t**2 - t + 6. Let y = 2 + 3. Let r(l) = -l. Let f be r(y). What are the prime factors of a(f)?
11
Suppose 4*d - d - 178 = -5*v, -v = -3*d - 32. List the prime factors of v.
5, 7
Suppose 5*d = -2*l + 7, 3*d + 33 = 6*l - l. Let u = 1 - 1. Suppose -m = u, -2*m + 17 = q - l*m. List the prime factors of q.
17
List the prime factors of ((-8848)/(-10))/7 + 6/10.
127
Let p(b) = -b - b**2 + 7 - 9*b + 0*b**2 + 5. What are the prime factors of p(-10)?
2, 3
Suppose 0 = -4*v + r - 3*r + 134, -3*v - 3*r + 93 = 0. List the prime factors of v.
2, 3
Let y = -17 + 53. List the prime factors of y.
2, 3
Let b = -47 - -26. What are the prime factors of 7*((-108)/b)/3?
2, 3
Let y = 2 + 0. Suppose -y - 8 = -m. List the prime factors of m.
2, 5
Let v = 54 - 29. What are the prime factors of v?
5
Suppose -2*l = 3*l - 10. Suppose -3*q + 37 = 5*j, 0 = -4*q - l*j - j + 31. Suppose 2*f - q*f = -20. What are the prime factors of f?
2, 5
Suppose 0 = -2*s + 2*b + 12, 0*s - 5*s - 2*b + 44 = 0. What are the prime factors of s/(-6)*45/(-6)?
2, 5
Suppose 0*d = -4*d + 16. Suppose 0 = -d*k + 27 - 11. What are the prime factors of (-174)/(-21) - k/14?
2
Let u(z) = -z**2 + 6*z - 4. Let b(n) = -3*n**2 + 18*n - 12. Let m(y) = 2*b(y) - 7*u(y). Let x be m(5). Let h = 2 - x. What are the prime factors of h?
3
Let h = -10 - -19. Suppose 5*m - 3*m = -5*v + 79, 0 = 3*m + h. List the prime factors of v.
17
Suppose 1535 = 10*f - 85. List the prime factors of f.
2, 3
Suppose 2*i = -p + 20 - 0, 0 = -p - i + 20. What are the prime factors of p?
2, 5
What are the prime factors of (-2)/(-4) + (3 - 595/(-10))?
3, 7
List the prime factors of 5*((-4)/8)/((-5)/174).
3, 29
Let t = -7 - -11. Suppose t*b - 42 = b. List the prime factors of b.
2, 7
Let h be 23 - (2 - (6 + -2)). Let f = h - 2. What are the prime factors of f?
23
Let i = 4 - 5. Let a be (i - -1) + 290/5. List the prime factors of 1/3 - a/(-6).
2, 5
Suppose 2*b = 4*s - 148, s - 2*b = 48 - 14. List the prime factors of s.
2, 19
Suppose 18 = 4*g - 26. Suppose 0 = 5*f - 3*v - 15, 4*f - g - 1 = 2*v. List the prime factors of f.
3
Let k be 1/(-4) + (-579)/(-12). Let d = k - 28. List the prime factors of d.
2, 5
Let h(a) = -16*a - 1. List the prime factors of h(-2).
31
Suppose -3*h + 89 = 4*w, -5*w = -h - 68 - 29. Let c = 30 - w. What are the prime factors of c?
2, 5
Suppose -3*z = 2*z - 320. Suppose 2*o = 2*v + o - z, v - 2*o - 32 = 0. What are the prime factors of v?
2
Suppose o - 125 = -4*o. Suppose -m - 4*m = -o. List the prime factors of m.
5
List the prime factors of ((-3 - (-5 + -1)) + -2)*26.
2, 13
Let j be (-3)/(-3) - 1 - -6. Let l = -1 + j. Let t(y) = -y**2 + 6*y. List the prime factors of t(l).
5
Suppose 2*k - 7 + 3 = -j, -2*j = -4*k. Suppose -j*x - 2*x + 44 = 0. What are the prime factors of x?
11
Suppose w - 66 = 37. List the prime factors of w.
103
Suppose 35 = -c + 2*c. List the prime factors of c.
5, 7
Let f(i) = i - 7. Let p be f(7). Let n(d) = 11 + d + p + 8. What are the prime factors of n(-8)?
11
Let l = -10 + 12. Suppose 0 = 2*r - j - 43, -5*r = -l*r - 3*j - 66. List the prime factors of r.
3, 7
Suppose 2*l + 3*o - 18 = 3*l, -3*l + 4*o - 29 = 0. Let d be ((-3)/9)/(l/9). Suppose -t - 33 = -2*b, 0 - d = t. What are the prime factors of b?
2
Let q be ((-6)/(-12))/(1/4). Suppose 4*n = 3*i - 140, 2*n - 55 = -q*i + 15. Suppose 0 = -d + 5*d - i. What are the prime factors of d?
2, 5
Let o(u) = 5*u + 3. Let f(n) = n**2 - n - 1. Let v(w) = 4*f(w) + o(w). List the prime factors of v(1).
2
Suppose o - 13 = 11. Let l = o + -13. List the prime factors of l.
11
Let m = -7 - -12. Let d = m - 3. Suppose d*s = -2*s + 8. What are the prime factors of s?
2
Let h = 8 + -9. Let q(n) = 7*n**3 + n**2 - 2*n + 1. Let f be q(2). What are the prime factors of (h + 3)*f/6?
19
Let r = 233 - 4. List the prime factors of 2/11 - r/(-11).
3, 7
Let a = 20 + -6. Let b = 20 - a. What are the prime factors of b?
2, 3
What are the prime factors of (4/5)/((-6)/15) + 334?
2, 83
Let y = -2 - -6. Suppose 23 + 1 = y*h. What are the prime factors of (-9)/h - 42/(-4)?
3
Suppose 6*j - 40 = 4*j. What are the prime factors of j?
2, 5
Let j be (-12)/10*(-20)/8. Suppose j*n + 3*q = 93, 2*q = -5*n + 183 - 25. List the prime factors of n.
2
Let q(v) = 0 - v - 4 - 5 + 3. Let c be q(-5). What are the prime factors of c + 2 + -3 + 5?
3
Suppose 0 = 2*i - 5*i + 9. Suppose 0 = 5*k + 3*o - 50, 0 = i*o + 1 + 14. What are the prime factors of k?
13
Suppose -7 = -3*l - 1. Suppose -l*f = 5*g - 47, f = 4*g + 29 - 12. List the prime factors of f.
3, 7
Suppose 3*z - 114 = -2*z + 2*n, -2*n = -3*z + 66. What are the prime factors of z?
2, 3
Let i = 19 + -31. Let d = 26 + i. What are the prime factors of d?
2, 7
Suppose -3*y - n + 60 = 0, 0 = -5*y - 0*y + 5*n + 120. Let u be 209/(-55)*5*-2. Let k = u - y. What are the prime factors of k?
17
Let i(w) = w**2 + 10*w + 2. Let v be i(-7). Let o = 9 - v. What are the prime factors of o?
2, 7
Let r(